mon factor of q and 16?
16
Let q = 0 + 2. Let b be (2 + -4)*7/(-2). Suppose n - b = -2*w, 5 + 0 = n. What is the greatest common factor of q and w?
1
Suppose -2*z + 224 = 2*b + 14, 4*b = 4*z - 428. Let x(i) = -47*i**3 + 2*i**2 - 1. Let j be x(1). Let q = j + z. Calculate the highest common factor of q and 12.
12
Suppose 2*u + 0*g - 5*g - 41 = 0, 0 = -5*u - 5*g + 15. Let a be 2/3 - (-1666)/21. Let c be a*2*22/55. Calculate the highest common factor of u and c.
8
Let m = 3 + -9. Let b be (-2)/3 - 16/m. Calculate the highest common factor of 16 and b.
2
Suppose -114 = -3*o - l, -l = 3*o + 2*l - 108. What is the highest common divisor of 13 and o?
13
Let f = 17 - 23. Let i(w) = w**3 + 6*w**2 - 3*w - 9. Let k be i(f). What is the greatest common factor of 72 and k?
9
Let l(x) = -10*x - 3. Let m be l(-6). Suppose -s = -m + 12. Calculate the greatest common divisor of s and 9.
9
Suppose 0*w - w = 0. Suppose w = 4*s - 0*s - 160. What is the greatest common divisor of 8 and s?
8
Let c be ((-2)/1)/(3/78). Let i = 87 + c. What is the highest common divisor of i and 7?
7
Let f be (-9)/(-3) - (-3 - 3). What is the greatest common factor of f and 1?
1
Let q(j) = -9*j - 23. Let d be q(-7). Calculate the greatest common divisor of d and 16.
8
Let q(m) = -m**3 - 7*m**2 + 10. Let u be q(-7). Calculate the greatest common divisor of 250 and u.
10
Let f = -66 - -156. Calculate the highest common divisor of f and 15.
15
Let v be (-31 - -33)*2*5. What is the greatest common divisor of 110 and v?
10
Let s be 3 - (1/(-2) + (-1)/2). What is the greatest common divisor of 88 and s?
4
Let s(q) = -q**3 - 4*q**2 + 3*q + 1. Let i(l) = l**3 + l**2 + l + 1. Let a(w) = 2*i(w) + s(w). Let j be a(4). What is the greatest common divisor of 5 and j?
5
Let v = 41 + 4. Suppose 4*n - 7*n - 24 = -q, 4*q - 31 = -n. Calculate the greatest common factor of q and v.
9
Let n = 0 + 45. What is the highest common factor of n and 18?
9
Let t = 312 - 220. What is the greatest common divisor of t and 23?
23
Let f be 10/1 + (-1 - 0). Calculate the highest common factor of f and 9.
9
Suppose 13 = -5*n + 43. Suppose 2*f + 616 = n*f. Calculate the highest common divisor of 14 and f.
14
Suppose 0*i + 4*i = -2*h + 142, 3*h + 51 = 2*i. Calculate the highest common divisor of i and 11.
11
Let m be 43/(-3)*(2 + -5). Suppose -2*c + 3 = -c, m = v + 3*c. Let f be v + -2 + 2 + 2. What is the greatest common factor of f and 24?
12
Let t(u) = -u**3 + 7*u**2 - u - 9. Let p be t(6). Calculate the greatest common factor of p and 21.
21
Suppose -2*z - 2*l = -3*z - 64, 4*z + 5*l = -256. Let t = z - -106. What is the greatest common divisor of 28 and t?
14
Suppose 0 = -2*j - j + 15. Suppose 0 = -3*x + i + 4, 0*i - j*i = -2*x - 19. Let v be 4/6*81/x. Calculate the greatest common divisor of v and 162.
18
Suppose 71 + 214 = 3*u. Calculate the greatest common factor of 19 and u.
19
Suppose -5*z = 2*d - 21, -4*z = -5*d - 2*z + 38. Suppose -3*n + 5 = 2*n. Let i = 0 + n. What is the greatest common factor of i and d?
1
Let g(p) = 98*p. Let k be g(3). What is the highest common factor of k and 42?
42
Let s be 5 - (0 + -1 + 0). Let q(n) = n**2 - 2*n + 3. Let m be q(0). Suppose 0 = m*k - 5 - 7. Calculate the greatest common factor of s and k.
2
Let l(y) = -y + 39. Let p be l(0). Let b be 84/p - 2/13. What is the highest common factor of 2 and b?
2
Suppose 3*d - 2*q - 71 = 0, -d - 4*q + 8*q = -17. What is the highest common factor of d and 10?
5
Let k be 32 - (-3 - (2 - 9)). Calculate the greatest common divisor of 14 and k.
14
Let g(s) = 23*s**3 + 1. Let y be g(1). Let m = y + -12. Calculate the greatest common divisor of m and 24.
12
Let g = 364 - 214. What is the greatest common divisor of 30 and g?
30
Let g be 3 - 4 - 1 - -7. Suppose 20 = g*t, -3*t - 14 = -5*z + 19. Calculate the highest common divisor of 81 and z.
9
Let u be 1 + 0 - 3 - -57. Calculate the highest common factor of 22 and u.
11
Suppose -4 = -i - 0. Suppose 8 = i*f - 80. Calculate the highest common divisor of f and 33.
11
Suppose 14 = 4*l - 2*b - 0*b, 0 = -5*b + 5. Let m be ((-1)/2)/(2/12). Let w = l - m. Calculate the greatest common factor of w and 35.
7
Let v(y) = y**2 - 2*y - 27. Let i be v(7). Calculate the highest common factor of i and 20.
4
Let z(o) = 12*o - 1. Let p be z(3). Calculate the highest common divisor of p and 210.
35
Let p(d) = -d**3 + 4*d**2 - 3*d + 1. Let t be p(2). Suppose -320 = w - t*w. Suppose -w = -9*x + 4*x. What is the greatest common factor of 8 and x?
8
Let u(p) = 5 + 3 + p - 3. Suppose h + h = -3*v + 9, 0 = 4*v - 2*h - 26. Let o be u(v). Calculate the greatest common divisor of o and 90.
10
Let u = 276 - 168. What is the greatest common divisor of u and 12?
12
Suppose 0*d = -3*x - d + 20, -24 = -2*x + 2*d. Suppose 0 = 2*f - 0*f - x. Suppose 0*c + 52 = f*c. What is the greatest common factor of c and 39?
13
Suppose 5*s = -3*p + 243, -3*s + 169 = -0*p - 4*p. What is the highest common divisor of 17 and s?
17
Let d be 1*1*(4 + 123). Let v = -85 + d. Suppose -3*q + 23 = -5*k, -4*k + 8 = 2*q - 0*k. Calculate the greatest common divisor of q and v.
6
Let a = 80 - 55. What is the greatest common factor of 25 and a?
25
Let r(x) = -x**2 + 4. Let l be r(0). Let j be (20*-1)/(l/(-14)). Let w = 2 + 8. What is the greatest common factor of w and j?
10
Let t = 8 + -9. Let x be (17 + t)*(-22)/(-8). Calculate the highest common factor of 11 and x.
11
Suppose 4*c + 29 + 107 = 0. Suppose 0 = -i + 2 - 26. Let r = i - c. Calculate the greatest common divisor of r and 70.
10
Let x = 44 - 25. What is the highest common divisor of 133 and x?
19
Let x be -57 - (-4)/(-6)*-3. Let z = x - -81. What is the highest common divisor of z and 13?
13
Let l = 5 + 15. Calculate the greatest common factor of l and 4.
4
Suppose 0 = -2*r - 4*m + 86, -r + 2 + 46 = 3*m. Calculate the greatest common factor of 11 and r.
11
Suppose -2*l - 3*m - 19 = -60, -25 = -l - 3*m. What is the highest common factor of l and 2?
2
Let x = -11 - -22. Suppose 3*z + 43 + x = 3*q, -3*z + 6 = q. What is the highest common divisor of 120 and q?
15
Suppose p = 2*p, -5*f + p = -90. Let o(q) = -q + 12. Let c be o(0). What is the highest common factor of c and f?
6
Let z be 13 - (-2 - 6/(-2)). Let j(c) = c + 3. Let s be j(-5). Let h be 6 + s*(-2 + 1). What is the greatest common factor of h and z?
4
Suppose 4 = r + 2*l - 5, l = 3*r - 34. What is the highest common divisor of 99 and r?
11
Let c(p) = -7*p + 3*p**2 + 6*p**2 + 4*p**2 + 1 - p**3 - 6*p**2. Let q be c(5). Calculate the greatest common divisor of 24 and q.
8
Let n = 75 + -35. What is the greatest common divisor of n and 80?
40
Let n be 5 - 2 - -53 - 2. What is the greatest common divisor of 6 and n?
6
Suppose -10 = -0*t - 2*t. Suppose 2*s = -4*l + l + 84, t*s - 210 = -2*l. What is the highest common divisor of s and 6?
6
Let j(r) = r**3 + 4*r**2 - 5*r + 6. Let q be j(-5). Calculate the greatest common divisor of q and 6.
6
Let z = -23 + 32. What is the greatest common divisor of 45 and z?
9
Suppose -2*t + 58 = -22. Suppose 5*j - 8 = 32. What is the greatest common factor of j and t?
8
Let w(k) = 10*k**3 - k**2 - k + 2. Let c be w(2). Suppose 0*a - 2*a + 38 = 0. Let f be (-1)/(0 - 1/a). Calculate the greatest common divisor of c and f.
19
Suppose -2*b = 7 - 5. Let n be (-2 - 0)/(b/16). Let q be 50/15*12/10. Calculate the greatest common divisor of n and q.
4
Let x(g) = -34*g + 3. Let p(m) = 34*m - 2. Let v(n) = -6*p(n) - 5*x(n). Let b be v(-2). Suppose s - b = 5. Calculate the greatest common factor of s and 28.
14
Let c(l) be the second derivative of -1/2*l**3 + 1/2*l**2 + 4*l + 0. Let y be c(-4). Calculate the highest common factor of 13 and y.
13
Suppose 0 = 3*g + 2*n - 310, g = -4*n + 6*n + 90. What is the highest common divisor of 25 and g?
25
Let a be 7 + (4 - (1 + 1)). Suppose 4*z - 3*z = 2*u - 44, z + 107 = 5*u. Let f = u - -24. Calculate the highest common factor of a and f.
9
Let n(u) = -u**3 + 3*u**2 + 6*u - 5. Let w be n(4). Suppose r - 6 = -2*b, 3*b - 5*r + 8 = 2*b. What is the greatest common factor of b and w?
1
Suppose -z + 152 = -0*z. What is the highest common divisor of z and 19?
19
Let d(q) = -8*q**3. Let c be d(-1). Suppose -4*b = 3*j - 5, 2*b = -2*b + c. Let r be j*2 - (-9)/3. Calculate the greatest comm